 585 = 3*n. Let a be 63/13 + (-18)/n. Suppose -q = -a*w - 0*q + 225, w - q = 45. What is the remainder when w is divided by 16?
13
Let j = 64 + -35. Suppose -i = -0*i - j. Let p = -4371 + 4513. What is the remainder when p is divided by i?
26
Suppose 4*i - 1246 = -2*v, 0 = -5*v - 249 + 244. What is the remainder when i is divided by 45?
42
Let w(h) = h**2 - 79*h + 184. Calculate the remainder when 306 is divided by w(0).
122
Suppose -l + 82 = 3*t, t - 278 = 11*l - 14*l. Let v(n) = -n**2 - 7*n - 2. Let a be v(-7). Let r = a - -18. Calculate the remainder when l is divided by r.
14
Suppose -o + 285 = 291, 0 = -4*h - 5*o - 14. What is the remainder when 44 is divided by h?
0
Let k(a) = -a**3 + 14*a**2 + 69*a - 175. What is the remainder when 385 is divided by k(-7)?
14
Suppose 2*u + 3*o = 104, 2*u + 5*o - 83 = 21. Let s = 1125 - 1112. What is the remainder when u is divided by s?
0
Suppose 48*c = 29925 + 193371. Calculate the remainder when c is divided by 99.
98
Calculate the remainder when 67838/107 + (-2)/(-9) + (-7)/(-9) is divided by 58.
55
Let i = -5535 + 5560. Calculate the remainder when 3324 is divided by i.
24
Let k = -26344 - -26594. What is the remainder when 1502 is divided by k?
2
Let g(f) = 6*f + 102. Let j be g(-14). What is the remainder when 97 is divided by (-4 + j/4)*86?
11
Suppose 0 = -20*v + 1847 - 587. Calculate the remainder when 97 is divided by (3 + (-40)/15)*v.
13
Let w = -1848 + 2081. What is the remainder when w is divided by 8?
1
Let i be ((-7730)/(-55) + 24/(-44))*9. Suppose -7*g - 21*g = -i. Calculate the remainder when 177 is divided by g.
42
Let q = 26 + -26. Suppose 3*r - 4 = 2*m - 3*m, 4*r - 4*m = q. Let l(z) = z**3 + 5*z**2 + 3*z - 2. Calculate the remainder when l(-4) is divided by r.
0
Let x = -647 + 777. Suppose -o - 235 = -4*p, -p + 302 = 4*p - 4*o. Let l = p + -39. Calculate the remainder when x is divided by l.
16
Suppose 5*w = 5*x - 475, -645 = -3*x + 5*w - 358. What is the remainder when 298 is divided by x?
16
Let g = -48 + 85. What is the remainder when 1044/6 + (2 - -8) is divided by g?
36
Suppose 3*l - 24 = -v - 0*l, 5*v = -4*l + 65. Suppose -d = -8 - v. Let s = -1280 + 1328. Calculate the remainder when s is divided by d.
14
Let i = -257 - -151. Let h = -802 + 945. Let k = i + h. Calculate the remainder when k is divided by 10.
7
Let f = -43 + 53. Let n(u) = -2*u**3 - u**2 + 3*u + 2. Let r be n(-2). Let k = r + 11. Calculate the remainder when k is divided by f.
9
Suppose 48*o - 1134 = 86*o - 56*o. Calculate the remainder when 3331 is divided by o.
55
Suppose -89*v + 3186 = -1887. Calculate the remainder when 1021 is divided by v.
52
Let j = -3882 - -4252. What is the remainder when j is divided by 130?
110
Let m(o) = -o**3 - 7*o**2 - 8*o + 4. Let y be (-27)/4 + 183/244. What is the remainder when 41 is divided by m(y)?
9
Suppose 0 = t + l + 271, t + 4*l + 325 = 66. Let k = t - -299. Calculate the remainder when k is divided by 13.
11
Calculate the remainder when 2*(210/112 + (-3)/(-24)) is divided by 4.
0
Let m(d) = d**3 - 6*d**2 + 8*d - 27. Let v(b) = -3*b. Let s be v(-2). Suppose -4*g + 9 = -35. Calculate the remainder when m(s) is divided by g.
10
Calculate the remainder when -11*10/(-165) + 9402/18 is divided by 139.
106
Let h be (-140)/(-6)*513/95. Let l = -50 + h. What is the remainder when l is divided by 25?
1
Suppose 29*r - 110*r + 1782 = 0. What is the remainder when (-956)/(-9) + (-4)/18 is divided by r?
18
Let x = 2973 + -2841. Calculate the remainder when x is divided by 36.
24
Suppose -36*x - 199*x - 1545 = -15645. Calculate the remainder when x is divided by ((-2)/3)/(18/(-729)).
6
Suppose -17 = -4*a + 4*o + 7, -4*a + o + 15 = 0. Suppose a*r = 48 - 33. Calculate the remainder when r is divided by 3.
2
Let s(w) = -w**2 - 25*w - 14. Let h be s(-22). Suppose 0 = -4*i + h - 28. Suppose -133 = i*o - 7*o. Calculate the remainder when o is divided by 34.
31
Calculate the remainder when 2/(6/21) + 4 is divided by (-68)/374 + 7 + -7 - (-158)/22.
4
Let x(w) be the first derivative of -33 - 1/4*w**4 + 8/3*w**3 + 0*w + 11*w**2. Calculate the remainder when 32 is divided by x(10).
12
Suppose -80*w = -75*w - 50. Suppose -w*k = -16*k + 66. Calculate the remainder when 26 is divided by k.
4
Let l = 5 + -1. Calculate the remainder when (121/11 - -48) + -9 is divided by ((-1)/(-3))/(l/132).
6
Suppose 0 = -7*t + 92 - 1254. Let f = -84 - t. What is the remainder when f is divided by 42?
40
Suppose -26*q + 15*q = 297. Suppose 235 = 4*h + 3*c, c + c = h - 67. Calculate the remainder when h is divided by ((-2)/6)/((-9)/q) + 32.
30
Suppose 0 = -19*z - 112 + 74. What is the remainder when 21 is divided by (-10)/z + (6 - 5)?
3
Suppose 11*q + 629 = -636. Calculate the remainder when (q/2)/((-17)/34) is divided by 24.
19
What is the remainder when (-24)/112 + (-49017)/(-14) is divided by 17?
16
Let u = 297 + -268. Suppose -416 = 3*r - u*r. Calculate the remainder when 62 is divided by r.
14
Suppose 27 = z + 24. Suppose z*m - 410 = -2*m. What is the remainder when m is divided by 22?
16
Let w be 1/((-30)/70*(-2)/6). What is the remainder when 98 is divided by 7*(-6 + w + 4)?
28
Let f(h) = h**3 - 2*h**2 - 11*h - 8. Let c be f(8). Suppose 9*g - 18*g = -c. What is the remainder when g is divided by (-3)/(-9)*-5*-3?
2
Suppose 5*j - 2*w + 154 = 0, -34 = j + 3*w - 5*w. Let c(u) = 6*u + 16. What is the remainder when c(11) is divided by (3766/105 - -6) + (-4)/j?
40
Suppose b + 10 = 50. Suppose 26*r = 11698 - 11126. What is the remainder when b is divided by r?
18
What is the remainder when 1128 is divided by (-5)/(20/(-12))*70/42?
3
Let z = -5088 - -5135. Calculate the remainder when 3090 is divided by z.
35
Suppose i - 3*b + 17 = 66, 4*i = -3*b + 226. Suppose -n + 3*d - 2*d = -15, -2*d = 2. What is the remainder when i is divided by n?
13
Suppose -y - 4094 = 22*y. Suppose -428 = -4*c + 8*c. Let q = c - y. Calculate the remainder when q is divided by 25.
21
Let f = 11018 - 10957. What is the remainder when 3537 is divided by f?
60
Let j(s) = -5*s**3 - 82*s**2 - 27*s + 123. What is the remainder when 2750 is divided by j(-16)?
41
Let h = -664 - -668. Suppose 4*q + 61 = h*l + 5, 0 = l - 3*q - 20. What is the remainder when 64 is divided by l?
9
Let a = 97 + -23. Let o be (-32)/(-3) + 2/6. Calculate the remainder when a is divided by 17 + o + -3 + 1.
22
Let u = -16287 - -26061. Calculate the remainder when u is divided by 188.
186
Let g(r) = -r**3 - r**2 + r - 2. Let n be g(-2). Suppose -4*j - j = n. Suppose z - 18 - 85 = j. What is the remainder when z is divided by 52?
51
Suppose -70*a + 363*a - 14868 = -61*a. Calculate the remainder when a is divided by (-4 + 10/4)*-6.
6
Suppose 6*y - 5*y + 2 = 0. Let c be 53 - ((1 - -2) + y). Suppose 0 = -c*n + 48*n + 192. Calculate the remainder when n is divided by 10.
8
Let l = 25448 + -25313. Suppose 3*c + 4*n = 54, c - 2*n - 20 = -4*n. What is the remainder when l is divided by c?
9
Suppose -152 = -6*j + 670. What is the remainder when j is divided by 36?
29
Let b(l) = l**3 - 9*l**2 + 10*l + 15. Let c(g) be the first derivative of g**2 - 32*g + 24. Let d be c(20). Calculate the remainder when 122 is divided by b(d).
29
Let y(w) = w**3 + 7*w**2 + 13*w + 36. Calculate the remainder when 2939 is divided by y(-5).
20
Let o = 18 - -7. Suppose -56 = -3*v + o. Suppose 20 = -4*w, 0 = 22*d - 19*d + w - 25. What is the remainder when v is divided by d?
7
Suppose 4*m = 3*i + 364, -5*i = -5*m + 80 + 525. Let l = 156 + i. Suppose -218 = -2*s + l. Calculate the remainder when s is divided by 32.
31
What is the remainder when 634 is divided by 78/338 - 6972/(-39)?
97
Let b(d) = -14*d + 441. Let r be b(13). Suppose 0 = 2*f + 155 - r. What is the remainder when 254 is divided by f?
46
Calculate the remainder when (776 + 1)/(18 + 7 - 22) is divided by 194.
65
Let g(j) = -j**3 - 86*j**2 - 38*j - 44. Let x(n) = -43*n**2 - 19*n - 22. Let o(k) = -2*g(k) + 5*x(k). Calculate the remainder when 483 is divided by o(22).
43
Let c be (-2 + 2 - -1)*25. Let h(x) be the first derivative of 2*x**2 - 61*x - 3. What is the remainder when h(c) is divided by 7?
4
Suppose -30*u + 8211 = -2349. Calculate the remainder when u is divided by 192.
160
Let z = -3637 + 3701. What is the remainder when z is divided b